{"id":142,"date":"2017-08-18T19:44:39","date_gmt":"2017-08-18T17:44:39","guid":{"rendered":"http:\/\/www.arcenciel-ne.ch\/home\/?page_id=142"},"modified":"2025-01-20T08:54:34","modified_gmt":"2025-01-20T07:54:34","slug":"home","status":"publish","type":"page","link":"http:\/\/www.arcenciel-ne.ch\/home\/","title":{"rendered":"Home"},"content":{"rendered":"<p>[et_pb_section fb_built=\u00a0\u00bb1&Prime; _builder_version=\u00a0\u00bb4.16&Prime; global_colors_info=\u00a0\u00bb{}\u00a0\u00bb][et_pb_row _builder_version=\u00a0\u00bb4.16&Prime; background_size=\u00a0\u00bbinitial\u00a0\u00bb background_position=\u00a0\u00bbtop_left\u00a0\u00bb background_repeat=\u00a0\u00bbrepeat\u00a0\u00bb global_colors_info=\u00a0\u00bb{}\u00a0\u00bb][et_pb_column type=\u00a0\u00bb4_4&Prime; _builder_version=\u00a0\u00bb4.16&Prime; custom_padding=\u00a0\u00bb|||\u00a0\u00bb global_colors_info=\u00a0\u00bb{}\u00a0\u00bb custom_padding__hover=\u00a0\u00bb|||\u00a0\u00bb][et_pb_text admin_label=\u00a0\u00bbArc-en-ciel d\u00e9finition\u00a0\u00bb _builder_version=\u00a0\u00bb4.16&Prime; text_orientation=\u00a0\u00bbcenter\u00a0\u00bb module_alignment=\u00a0\u00bbcenter\u00a0\u00bb global_colors_info=\u00a0\u00bb{}\u00a0\u00bb]<\/p>\n<h1>Arc-en-Ciel<\/h1>\n<p>Arc-en-Ciel r\u00e9unit chr\u00e9tiens et chr\u00e9tiennes de toutes confessions qui souhaitent approfondir leur foi en relation avec leur orientation sexuelle, leur identit\u00e9 de genre, leur vie affective, \u00e0 la lumi\u00e8re de l\u2019accueil inconditionnel de Dieu manifest\u00e9 en J\u00e9sus-Christ. L&rsquo;association est principalement active dans le canton de Neuch\u00e2tel mais est ouverte \u00e0 toute personne, sans restriction de domicile.<\/p>\n<p><strong>Pour conna\u00eetre l&rsquo;agenda des activit\u00e9s\u00a0<\/strong><\/p>\n<p>[\/et_pb_text][et_pb_image src=\u00a0\u00bbhttp:\/\/www.arcenciel-ne.ch\/home\/wp-content\/uploads\/2025\/01\/Flyer1.jpg\u00a0\u00bb _builder_version=\u00a0\u00bb4.27.4&Prime; _module_preset=\u00a0\u00bbdefault\u00a0\u00bb title_text=\u00a0\u00bbFlyer1&Prime; hover_enabled=\u00a0\u00bb0&Prime; sticky_enabled=\u00a0\u00bb0&Prime;][\/et_pb_image][et_pb_image src=\u00a0\u00bbhttp:\/\/www.arcenciel-ne.ch\/home\/wp-content\/uploads\/2025\/01\/Flyer2.jpg\u00a0\u00bb _builder_version=\u00a0\u00bb4.27.4&Prime; _module_preset=\u00a0\u00bbdefault\u00a0\u00bb title_text=\u00a0\u00bbFlyer2&Prime;][\/et_pb_image][et_pb_cta button_url=\u00a0\u00bb\/home\/contact\u00a0\u00bb button_text=\u00a0\u00bbContactez-nous !\u00a0\u00bb admin_label=\u00a0\u00bbBouton de contact\u00a0\u00bb _builder_version=\u00a0\u00bb4.16&Prime; use_background_color=\u00a0\u00bboff\u00a0\u00bb global_colors_info=\u00a0\u00bb{}\u00a0\u00bb button_text_size__hover_enabled=\u00a0\u00bboff\u00a0\u00bb button_one_text_size__hover_enabled=\u00a0\u00bboff\u00a0\u00bb button_two_text_size__hover_enabled=\u00a0\u00bboff\u00a0\u00bb button_text_color__hover_enabled=\u00a0\u00bboff\u00a0\u00bb button_one_text_color__hover_enabled=\u00a0\u00bboff\u00a0\u00bb button_two_text_color__hover_enabled=\u00a0\u00bboff\u00a0\u00bb button_border_width__hover_enabled=\u00a0\u00bboff\u00a0\u00bb button_one_border_width__hover_enabled=\u00a0\u00bboff\u00a0\u00bb button_two_border_width__hover_enabled=\u00a0\u00bboff\u00a0\u00bb button_border_color__hover_enabled=\u00a0\u00bboff\u00a0\u00bb button_one_border_color__hover_enabled=\u00a0\u00bboff\u00a0\u00bb button_two_border_color__hover_enabled=\u00a0\u00bboff\u00a0\u00bb button_border_radius__hover_enabled=\u00a0\u00bboff\u00a0\u00bb button_one_border_radius__hover_enabled=\u00a0\u00bboff\u00a0\u00bb button_two_border_radius__hover_enabled=\u00a0\u00bboff\u00a0\u00bb button_letter_spacing__hover_enabled=\u00a0\u00bboff\u00a0\u00bb button_one_letter_spacing__hover_enabled=\u00a0\u00bboff\u00a0\u00bb button_two_letter_spacing__hover_enabled=\u00a0\u00bboff\u00a0\u00bb button_bg_color__hover_enabled=\u00a0\u00bboff\u00a0\u00bb button_one_bg_color__hover_enabled=\u00a0\u00bboff\u00a0\u00bb button_two_bg_color__hover_enabled=\u00a0\u00bboff\u00a0\u00bb][\/et_pb_cta][et_pb_divider show_divider=\u00a0\u00bboff\u00a0\u00bb disabled_on=\u00a0\u00bbon|on|off\u00a0\u00bb _builder_version=\u00a0\u00bb4.16&Prime; global_colors_info=\u00a0\u00bb{}\u00a0\u00bb][\/et_pb_divider][et_pb_divider color=\u00a0\u00bb#c9c9c9&Prime; disabled_on=\u00a0\u00bbon|on|\u00a0\u00bb _builder_version=\u00a0\u00bb4.16&Prime; global_colors_info=\u00a0\u00bb{}\u00a0\u00bb][\/et_pb_divider][et_pb_divider color=\u00a0\u00bb#c9c9c9&Prime; disabled_on=\u00a0\u00bbon|on|\u00a0\u00bb _builder_version=\u00a0\u00bb4.16&Prime; global_colors_info=\u00a0\u00bb{}\u00a0\u00bb][\/et_pb_divider][\/et_pb_column][\/et_pb_row][\/et_pb_section]<\/p>\n","protected":false},"excerpt":{"rendered":"<p>Arc-en-Ciel Arc-en-Ciel r\u00e9unit chr\u00e9tiens et chr\u00e9tiennes de toutes confessions qui souhaitent approfondir leur foi en relation avec leur orientation sexuelle, leur identit\u00e9 de genre, leur vie affective, \u00e0 la lumi\u00e8re de l\u2019accueil inconditionnel de Dieu manifest\u00e9 en J\u00e9sus-Christ. L&rsquo;association est principalement active dans le canton de Neuch\u00e2tel mais est ouverte \u00e0 toute personne, sans restriction [&hellip;]<\/p>\n","protected":false},"author":1,"featured_media":0,"parent":0,"menu_order":0,"comment_status":"closed","ping_status":"closed","template":"","meta":{"_et_pb_use_builder":"on","_et_pb_old_content":"","_et_gb_content_width":"","footnotes":""},"class_list":["post-142","page","type-page","status-publish","hentry"],"_links":{"self":[{"href":"http:\/\/www.arcenciel-ne.ch\/home\/wp-json\/wp\/v2\/pages\/142","targetHints":{"allow":["GET"]}}],"collection":[{"href":"http:\/\/www.arcenciel-ne.ch\/home\/wp-json\/wp\/v2\/pages"}],"about":[{"href":"http:\/\/www.arcenciel-ne.ch\/home\/wp-json\/wp\/v2\/types\/page"}],"author":[{"embeddable":true,"href":"http:\/\/www.arcenciel-ne.ch\/home\/wp-json\/wp\/v2\/users\/1"}],"replies":[{"embeddable":true,"href":"http:\/\/www.arcenciel-ne.ch\/home\/wp-json\/wp\/v2\/comments?post=142"}],"version-history":[{"count":36,"href":"http:\/\/www.arcenciel-ne.ch\/home\/wp-json\/wp\/v2\/pages\/142\/revisions"}],"predecessor-version":[{"id":813,"href":"http:\/\/www.arcenciel-ne.ch\/home\/wp-json\/wp\/v2\/pages\/142\/revisions\/813"}],"wp:attachment":[{"href":"http:\/\/www.arcenciel-ne.ch\/home\/wp-json\/wp\/v2\/media?parent=142"}],"curies":[{"name":"wp","href":"https:\/\/api.w.org\/{rel}","templated":true}]}}

<p>[et_pb_section fb_built= »1&Prime; _builder_version= »4.16&Prime; global_colors_info= »{} »][et_pb_row _builder_version= »4.16&Prime; background_size= »initial » background_position= »top_left » background_repeat= »repeat » global_colors_info= »{} »][et_pb_column type= »4_4&Prime; _builder_version= »4.16&Prime; custom_padding= »||| » global_colors_info= »{} » custom_padding__hover= »||| »][et_pb_text admin_label= »Arc-en-ciel définition » _builder_version= »4.16&Prime; text_orientation= »center » module_alignment= »center » global_colors_info= »{} »]</p>
<h1>Arc-en-Ciel</h1>
<p>Arc-en-Ciel réunit chrétiens et chrétiennes de toutes confessions qui souhaitent approfondir leur foi en relation avec leur orientation sexuelle, leur identité de genre, leur vie affective, à la lumière de l’accueil inconditionnel de Dieu manifesté en Jésus-Christ. L&rsquo;association est principalement active dans le canton de Neuchâtel mais est ouverte à toute personne, sans restriction de domicile.</p>
<p><strong>Pour connaître l&rsquo;agenda des activités </strong></p>
<p>[/et_pb_text][et_pb_image src= »http://www.arcenciel-ne.ch/home/wp-content/uploads/2025/01/Flyer1.jpg » _builder_version= »4.27.4&Prime; _module_preset= »default » title_text= »Flyer1&Prime; hover_enabled= »0&Prime; sticky_enabled= »0&Prime;][/et_pb_image][et_pb_image src= »http://www.arcenciel-ne.ch/home/wp-content/uploads/2025/01/Flyer2.jpg » _builder_version= »4.27.4&Prime; _module_preset= »default » title_text= »Flyer2&Prime;][/et_pb_image][et_pb_cta button_url= »/home/contact » button_text= »Contactez-nous ! » admin_label= »Bouton de contact » _builder_version= »4.16&Prime; use_background_color= »off » global_colors_info= »{} » button_text_size__hover_enabled= »off » button_one_text_size__hover_enabled= »off » button_two_text_size__hover_enabled= »off » button_text_color__hover_enabled= »off » button_one_text_color__hover_enabled= »off » button_two_text_color__hover_enabled= »off » button_border_width__hover_enabled= »off » button_one_border_width__hover_enabled= »off » button_two_border_width__hover_enabled= »off » button_border_color__hover_enabled= »off » button_one_border_color__hover_enabled= »off » button_two_border_color__hover_enabled= »off » button_border_radius__hover_enabled= »off » button_one_border_radius__hover_enabled= »off » button_two_border_radius__hover_enabled= »off » button_letter_spacing__hover_enabled= »off » button_one_letter_spacing__hover_enabled= »off » button_two_letter_spacing__hover_enabled= »off » button_bg_color__hover_enabled= »off » button_one_bg_color__hover_enabled= »off » button_two_bg_color__hover_enabled= »off »][/et_pb_cta][et_pb_divider show_divider= »off » disabled_on= »on|on|off » _builder_version= »4.16&Prime; global_colors_info= »{} »][/et_pb_divider][et_pb_divider color= »#c9c9c9&Prime; disabled_on= »on|on| » _builder_version= »4.16&Prime; global_colors_info= »{} »][/et_pb_divider][et_pb_divider color= »#c9c9c9&Prime; disabled_on= »on|on| » _builder_version= »4.16&Prime; global_colors_info= »{} »][/et_pb_divider][/et_pb_column][/et_pb_row][/et_pb_section]</p>

<p>Arc-en-Ciel Arc-en-Ciel réunit chrétiens et chrétiennes de toutes confessions qui souhaitent approfondir leur foi en relation avec leur orientation sexuelle, leur identité de genre, leur vie affective, à la lumière de l’accueil inconditionnel de Dieu manifesté en Jésus-Christ. L&rsquo;association est principalement active dans le canton de Neuchâtel mais est ouverte à toute personne, sans restriction [&hellip;]</p>
