{"id":27,"date":"2017-08-18T00:44:56","date_gmt":"2017-08-17T22:44:56","guid":{"rendered":"http:\/\/www.arcenciel-ne.ch\/home\/?page_id=27"},"modified":"2025-01-20T08:51:02","modified_gmt":"2025-01-20T07:51:02","slug":"evenements-actualites","status":"publish","type":"page","link":"http:\/\/www.arcenciel-ne.ch\/home\/evenements-actualites\/","title":{"rendered":"\u00c9v\u00e9nements &#038; Actualit\u00e9s"},"content":{"rendered":"<p>[et_pb_section fb_built=\u00a0\u00bb1&Prime; _builder_version=\u00a0\u00bb4.16&Prime; global_colors_info=\u00a0\u00bb{}\u00a0\u00bb][et_pb_row column_structure=\u00a0\u00bb2_3,1_3&Prime; _builder_version=\u00a0\u00bb4.16&Prime; background_size=\u00a0\u00bbinitial\u00a0\u00bb background_position=\u00a0\u00bbtop_left\u00a0\u00bb background_repeat=\u00a0\u00bbrepeat\u00a0\u00bb global_colors_info=\u00a0\u00bb{}\u00a0\u00bb][et_pb_column type=\u00a0\u00bb2_3&Prime; _builder_version=\u00a0\u00bb4.16&Prime; custom_padding=\u00a0\u00bb|||\u00a0\u00bb global_colors_info=\u00a0\u00bb{}\u00a0\u00bb custom_padding__hover=\u00a0\u00bb|||\u00a0\u00bb][et_pb_text admin_label=\u00a0\u00bbTexte Titre\u00a0\u00bb _builder_version=\u00a0\u00bb4.16&Prime; global_colors_info=\u00a0\u00bb{}\u00a0\u00bb]<\/p>\n<h2>\u00c9v\u00e9nements &amp; Actualit\u00e9s<\/h2>\n<p>&nbsp;<\/p>\n<p>[\/et_pb_text][et_pb_text _builder_version=\u00a0\u00bb4.16&Prime; global_colors_info=\u00a0\u00bb{}\u00a0\u00bb]<\/p>\n<h1>2025<\/h1>\n<p>Retrouvez <em>l&rsquo;agenda<\/em> des \u00e9v\u00e8nements sur nos groupes whatsapp ou par e-mail. Si vous souhaitez \u00eatre ajout\u00e9\u00b7e\u00b7x\u00b7s aux groupes whatsapp et\/ou \u00e0 la mailing-list, \u00e9crivez-nous un e-mail \u00e0 l&rsquo;adresse de l&rsquo;association :\u00a0<a href=\"mailto:aec-ne@ik.me\">aec-ne@ik.me<\/a><\/p>\n<h2 class=\"entry-title\"><strong>Jean-Michel Dunand au Temple du Bas le 22 janvier<\/strong><\/h2>\n<p>&nbsp;<\/p>\n<div dir=\"auto\">Accueillir les diffe\u0301rences, une chance ! Venez \u00e9couter Jean-Michel Dunand le 22 janvier \u00e0 Neuch\u00e2tel. Cet \u00e9v\u00e9nement est public. Bienvenue \u00e0 tous !<\/div>\n<div dir=\"auto\"><a class=\"html-a xdj266r x11i5rnm xat24cr x1mh8g0r xexx8yu x4uap5 x18d9i69 xkhd6sd x1hl2dhg x16tdsg8 x1vvkbs\" tabindex=\"-1\"><\/a>Plus d&rsquo;info: <a href=\"https:\/\/www.ne.ch\/autorites\/DECS\/COSM\/Documents\/flyer_arc_en_ciel.pdf?fbclid=IwY2xjawH63vtleHRuA2FlbQIxMAABHaQgyPERpmL5cmgvACDHd-BBvPsGkdXI0MW0fPbyvbzmpaJ0F6BkbjQ43A_aem_k9oHM_r6Jt4WP9_dhwO2Qg\">https:\/\/www.ne.ch\/autorites\/DECS\/COSM\/Documents\/flyer_arc_en_ciel.pdf<\/a><\/div>\n<h1 class=\"entry-title\"><\/h1>\n<p>&nbsp;<\/p>\n<p>[\/et_pb_text][et_pb_text admin_label=\u00a0\u00bbTexte Blog\u00a0\u00bb _builder_version=\u00a0\u00bb4.16&Prime; hover_enabled=\u00a0\u00bb0&Prime; global_colors_info=\u00a0\u00bb{}\u00a0\u00bb sticky_enabled=\u00a0\u00bb0&Prime;]<\/p>\n<div class=\"pt-cv-wrapper et_smooth_scroll_disabled\"><div class=\"pt-cv-view pt-cv-grid pt-cv-colsys\" id=\"pt-cv-view-8dea9a86fe\"><div data-id=\"pt-cv-page-1\" class=\"pt-cv-page\" data-cvc=\"1\"><div class=\"col-md-12 col-sm-12 col-xs-12 pt-cv-content-item pt-cv-2-col\" ><div class='pt-cv-ifield'><a href=\"http:\/\/www.arcenciel-ne.ch\/home\/783-2\/\" class=\"_self pt-cv-href-thumbnail pt-cv-thumb-left\" target=\"_self\" ><\/a>\n<h2 class=\"pt-cv-title\"><a href=\"http:\/\/www.arcenciel-ne.ch\/home\/783-2\/\" class=\"_self\" target=\"_self\" >C\u00e9l\u00e9bration inclusive Gay Pride Martigny 20 juillet 2024<\/a><\/h2>\n<div class=\"pt-cv-content\">[et_pb_section fb_built=\"1\" _builder_version=\"3.0.47\"][et_pb_row _builder_version=\"3.0.47\" background_size=\"initial\" background_position=\"top_left\" background_repeat=\"repeat\"][et_pb_column type=\"4_4\" _builder_version=\"3.0.47\" parallax=\"off\" parallax_method=\"on\"][et_pb_text _builder_version=\"3.0.47\" background_size=\"initial\" background_position=\"top_left\" background_repeat=\"repeat\"]L'association Arc en Ciel vous invite &agrave; une c&eacute;l&eacute;bration inclusive &oelig;cum&eacute;nique le samedi 20 juillet 2024 au Temple de Martigny &agrave; 17h30[\/et_pb_text][\/et_pb_column][\/et_pb_row][\/et_pb_section] ...<br \/><div class=\"pt-cv-rmwrap\"><a href=\"http:\/\/www.arcenciel-ne.ch\/home\/783-2\/\" class=\"_self pt-cv-readmore btn btn-success\" target=\"_self\">Lire la suite...<\/a><\/div><\/div><\/div><\/div>\n<div class=\"col-md-12 col-sm-12 col-xs-12 pt-cv-content-item pt-cv-2-col\" ><div class='pt-cv-ifield'><a href=\"http:\/\/www.arcenciel-ne.ch\/home\/celebration-oecumenique-inclusive\/\" class=\"_self pt-cv-href-thumbnail pt-cv-thumb-left\" target=\"_self\" ><\/a>\n<h2 class=\"pt-cv-title\"><a href=\"http:\/\/www.arcenciel-ne.ch\/home\/celebration-oecumenique-inclusive\/\" class=\"_self\" target=\"_self\" >C\u00e9l\u00e9bration oecum\u00e9nique inclusive<\/a><\/h2>\n<div class=\"pt-cv-content\">Ch\u00e8res amies, chers amis, Arc-en-Ciel a le plaisir de vous inviter \u00e0 une C\u00e9l\u00e9bration \u0153cum\u00e9nique inclusive Le samedi 3 septembre 2022\u00a0\u00e0 17h Chapelle de l'Ermitage, Ch. du Pertuis-du-Sault 5, 2000 Neuch\u00e2tel (\u00e0 5 min. \u00e0 pied de la gare) Suivie d\u2019un ap\u00e9ritif convivial ...<br \/><div class=\"pt-cv-rmwrap\"><a href=\"http:\/\/www.arcenciel-ne.ch\/home\/celebration-oecumenique-inclusive\/\" class=\"_self pt-cv-readmore btn btn-success\" target=\"_self\">Lire la suite...<\/a><\/div><\/div><\/div><\/div>\n<div class=\"col-md-12 col-sm-12 col-xs-12 pt-cv-content-item pt-cv-2-col\" ><div class='pt-cv-ifield'><a href=\"http:\/\/www.arcenciel-ne.ch\/home\/celebration-interconfessionnelle-inclusive\/\" class=\"_self pt-cv-href-thumbnail pt-cv-thumb-left\" target=\"_self\" ><\/a>\n<h2 class=\"pt-cv-title\"><a href=\"http:\/\/www.arcenciel-ne.ch\/home\/celebration-interconfessionnelle-inclusive\/\" class=\"_self\" target=\"_self\" >C\u00e9l\u00e9bration interconfessionnelle inclusive<\/a><\/h2>\n<div class=\"pt-cv-content\">Cher.x.\u00e8re.s ami.x.e.s\u00a0! Nous avons la joie de vous convier \u00e0 une c\u00e9l\u00e9bration inclusive Le 3 mars 2022, \u00e0 19h \u00e0 la chapelle de l\u2019Ermitage (Ch. du Pertuis du Sault 5, 2000 Neuch\u00e2tel, 5 minutes \u00e0 pied depuis la gare) \u00ab\u00a0Je te loue d\u2019avoir fait de moi une cr\u00e9ature si merveilleuse\u00a0\u00bb, dit le psalmiste. Par le chant, la pri\u00e8re, l\u2019\u00e9coute et la m\u00e9ditation de la Bible, nous c\u00e9l\u00e9brerons ensemble la confiance d\u2019\u00eatre aim\u00e9.x.e.s de Dieu pour qui nous sommes. Aux couleurs ...<br \/><div class=\"pt-cv-rmwrap\"><a href=\"http:\/\/www.arcenciel-ne.ch\/home\/celebration-interconfessionnelle-inclusive\/\" class=\"_self pt-cv-readmore btn btn-success\" target=\"_self\">Lire la suite...<\/a><\/div><\/div><\/div><\/div>\n<div class=\"col-md-12 col-sm-12 col-xs-12 pt-cv-content-item pt-cv-2-col\" ><div class='pt-cv-ifield'><a href=\"http:\/\/www.arcenciel-ne.ch\/home\/theatre-forum-mariage-pour-qui\/\" class=\"_self pt-cv-href-thumbnail pt-cv-thumb-left\" target=\"_self\" ><\/a>\n<h2 class=\"pt-cv-title\"><a href=\"http:\/\/www.arcenciel-ne.ch\/home\/theatre-forum-mariage-pour-qui\/\" class=\"_self\" target=\"_self\" >Th\u00e9\u00e2tre-Forum. Mariage pour qui ?<\/a><\/h2>\n<div class=\"pt-cv-content\"> ...<br \/><div class=\"pt-cv-rmwrap\"><a href=\"http:\/\/www.arcenciel-ne.ch\/home\/theatre-forum-mariage-pour-qui\/\" class=\"_self pt-cv-readmore btn btn-success\" target=\"_self\">Lire la suite...<\/a><\/div><\/div><\/div><\/div>\n<div class=\"col-md-12 col-sm-12 col-xs-12 pt-cv-content-item pt-cv-2-col\" ><div class='pt-cv-ifield'><a href=\"http:\/\/www.arcenciel-ne.ch\/home\/chretien-et-homosexuel-compatible\/\" class=\"_self pt-cv-href-thumbnail pt-cv-thumb-left\" target=\"_self\" ><\/a>\n<h2 class=\"pt-cv-title\"><a href=\"http:\/\/www.arcenciel-ne.ch\/home\/chretien-et-homosexuel-compatible\/\" class=\"_self\" target=\"_self\" >Chr\u00e9tien et homosexuel: compatible?<\/a><\/h2>\n<div class=\"pt-cv-content\"> ...<br \/><div class=\"pt-cv-rmwrap\"><a href=\"http:\/\/www.arcenciel-ne.ch\/home\/chretien-et-homosexuel-compatible\/\" class=\"_self pt-cv-readmore btn btn-success\" target=\"_self\">Lire la suite...<\/a><\/div><\/div><\/div><\/div>\n<div class=\"col-md-12 col-sm-12 col-xs-12 pt-cv-content-item pt-cv-2-col\" ><div class='pt-cv-ifield'><a href=\"http:\/\/www.arcenciel-ne.ch\/home\/videos-dinformation-sur-la-votation-mariage-pour-tou-te-s\/\" class=\"_self pt-cv-href-thumbnail pt-cv-thumb-left\" target=\"_self\" ><\/a>\n<h2 class=\"pt-cv-title\"><a href=\"http:\/\/www.arcenciel-ne.ch\/home\/videos-dinformation-sur-la-votation-mariage-pour-tou-te-s\/\" class=\"_self\" target=\"_self\" >Vid\u00e9os d&rsquo;information sur la votation \u00ab\u00a0mariage pour tou.te.s\u00a0\u00bb<\/a><\/h2>\n<div class=\"pt-cv-content\">Depuis octobre 2020\u00a0le Groupe \u00c9glise Inclusive a\u00a0un mandat du Conseil Synodal pour diffuser une information impartiale et objective sur le Mariage pour Toutes et Tous. Voici le r\u00e9sultat de cette r\u00e9flexion commune sous forme de vid\u00e9os qui soulignent les enjeux \u00e9thiques, th\u00e9ologiques, juridiques et un t\u00e9moignage d\u2019une famille homoparentale. \u00e0 d\u00e9couvrir ici ...<br \/><div class=\"pt-cv-rmwrap\"><a href=\"http:\/\/www.arcenciel-ne.ch\/home\/videos-dinformation-sur-la-votation-mariage-pour-tou-te-s\/\" class=\"_self pt-cv-readmore btn btn-success\" target=\"_self\">Lire la suite...<\/a><\/div><\/div><\/div><\/div>\n<div class=\"col-md-12 col-sm-12 col-xs-12 pt-cv-content-item pt-cv-2-col\" ><div class='pt-cv-ifield'><a href=\"http:\/\/www.arcenciel-ne.ch\/home\/celebration-inclusive-en-faveur-du-mariage-pour-toutes-et-tous\/\" class=\"_self pt-cv-href-thumbnail pt-cv-thumb-left\" target=\"_self\" ><img loading=\"lazy\" decoding=\"async\" width=\"300\" height=\"159\" src=\"http:\/\/www.arcenciel-ne.ch\/home\/wp-content\/uploads\/2021\/08\/mariage-300x159.jpeg\" class=\"pt-cv-thumbnail pull-left\" alt=\"\" srcset=\"http:\/\/www.arcenciel-ne.ch\/home\/wp-content\/uploads\/2021\/08\/mariage-300x159.jpeg 300w, http:\/\/www.arcenciel-ne.ch\/home\/wp-content\/uploads\/2021\/08\/mariage-768x407.jpeg 768w, http:\/\/www.arcenciel-ne.ch\/home\/wp-content\/uploads\/2021\/08\/mariage-1024x543.jpeg 1024w, http:\/\/www.arcenciel-ne.ch\/home\/wp-content\/uploads\/2021\/08\/mariage-1080x573.jpeg 1080w, http:\/\/www.arcenciel-ne.ch\/home\/wp-content\/uploads\/2021\/08\/mariage.jpeg 2036w\" sizes=\"(max-width: 300px) 100vw, 300px\" \/><\/a>\n<h2 class=\"pt-cv-title\"><a href=\"http:\/\/www.arcenciel-ne.ch\/home\/celebration-inclusive-en-faveur-du-mariage-pour-toutes-et-tous\/\" class=\"_self\" target=\"_self\" >C\u00e9l\u00e9bration inclusive en faveur du mariage pour toutes et tous<\/a><\/h2>\n<div class=\"pt-cv-content\"> ...<br \/><div class=\"pt-cv-rmwrap\"><a href=\"http:\/\/www.arcenciel-ne.ch\/home\/celebration-inclusive-en-faveur-du-mariage-pour-toutes-et-tous\/\" class=\"_self pt-cv-readmore btn btn-success\" target=\"_self\">Lire la suite...<\/a><\/div><\/div><\/div><\/div>\n<div class=\"col-md-12 col-sm-12 col-xs-12 pt-cv-content-item pt-cv-2-col\" ><div class='pt-cv-ifield'><a href=\"http:\/\/www.arcenciel-ne.ch\/home\/reflexion-partage-7-argumentaires-contre-lhomophobie\/\" class=\"_self pt-cv-href-thumbnail pt-cv-thumb-left\" target=\"_self\" ><\/a>\n<h2 class=\"pt-cv-title\"><a href=\"http:\/\/www.arcenciel-ne.ch\/home\/reflexion-partage-7-argumentaires-contre-lhomophobie\/\" class=\"_self\" target=\"_self\" >R\u00e9flexion &#038; Partage. 7 argumentaires contre l&rsquo;homophobie<\/a><\/h2>\n<div class=\"pt-cv-content\">R\u00e9flexion et Partage a r\u00e9alis\u00e9 7 argumentaires pour donner des rep\u00e8res et r\u00e9pondre \u00e0 celles et ceux qui voient dans l\u2019homosexualit\u00e9\u00a0: maladie, abomination, p\u00e9ch\u00e9, refus de l\u2019alt\u00e9rit\u00e9, manque de f\u00e9condit\u00e9, contre-nature, et m\u00eame le diable\u2026 Profitez de ce temps pour aller les consulter sous format vid\u00e9o\u00a0:\u00a0voir les vid\u00e9os Sachez que ces argumentaires existent \u00e9galement sous forme de petites fiches. Pour plus de renseignement.\u00a0voir les fiches ...<br \/><div class=\"pt-cv-rmwrap\"><a href=\"http:\/\/www.arcenciel-ne.ch\/home\/reflexion-partage-7-argumentaires-contre-lhomophobie\/\" class=\"_self pt-cv-readmore btn btn-success\" target=\"_self\">Lire la suite...<\/a><\/div><\/div><\/div><\/div>\n<div class=\"col-md-12 col-sm-12 col-xs-12 pt-cv-content-item pt-cv-2-col\" ><div class='pt-cv-ifield'><a href=\"http:\/\/www.arcenciel-ne.ch\/home\/covid-19-nouvelles-mesures\/\" class=\"_self pt-cv-href-thumbnail pt-cv-thumb-left\" target=\"_self\" ><\/a>\n<h2 class=\"pt-cv-title\"><a href=\"http:\/\/www.arcenciel-ne.ch\/home\/covid-19-nouvelles-mesures\/\" class=\"_self\" target=\"_self\" >Covid-19 &#8211; Nouvelles mesures<\/a><\/h2>\n<div class=\"pt-cv-content\">Ch\u00e8res amies, chers amis, cherx amix, Au vu des nouvelles mesures prises par le Conseil d\u2019Etat du canton de Neuch\u00e2tel, la rencontre du 3 novembre est annul\u00e9e. Nous vous tiendrons au courant pour la suite. Dans tous les cas, nous maintenons notre rencontre ZOOM du 13 novembre, et nous nous r\u00e9jouissons de vous y voir et entendre\u00a0\ud83d\ude09 Nous sommes en pri\u00e8res et en pens\u00e9es avec vous, Prenez soin de vous, C\u00e9cile Lise et Nicole ...<br \/><div class=\"pt-cv-rmwrap\"><a href=\"http:\/\/www.arcenciel-ne.ch\/home\/covid-19-nouvelles-mesures\/\" class=\"_self pt-cv-readmore btn btn-success\" target=\"_self\">Lire la suite...<\/a><\/div><\/div><\/div><\/div>\n<div class=\"col-md-12 col-sm-12 col-xs-12 pt-cv-content-item pt-cv-2-col\" ><div class='pt-cv-ifield'><a href=\"http:\/\/www.arcenciel-ne.ch\/home\/rencontre-du-3-octobre\/\" class=\"_self pt-cv-href-thumbnail pt-cv-thumb-left\" target=\"_self\" ><\/a>\n<h2 class=\"pt-cv-title\"><a href=\"http:\/\/www.arcenciel-ne.ch\/home\/rencontre-du-3-octobre\/\" class=\"_self\" target=\"_self\" >Rencontre du 3 octobre<\/a><\/h2>\n<div class=\"pt-cv-content\">Bonjour \u00e0 tou-te-x-s, ce message pour vous inviter \u00e0 notre rencontre de ce samedi 3 octobre \u00e0 19h aux Valangines, Neuch\u00e2tel. Vu la situation Covid-19, nous avons d\u00e9cid\u00e9 que nous ne partagerions pas la nourriture en commun, mais invitons chacun-x-e \u00e0 apporter son propre sandwich (ou autre). Nous partagerons les boissons. En outre, voici quelques informations\u00a0: Joan Charras Sancho, alli\u00e9e d\u2019Arc-en-Ciel, f\u00e9ministe, pasteure en Alsace ayant anim\u00e9 pendant plusieurs ann\u00e9es l\u2019antenne inclusive de la paroisse Saint-Guillaume \u00e0 Strasbourg sera de ...<br \/><div class=\"pt-cv-rmwrap\"><a href=\"http:\/\/www.arcenciel-ne.ch\/home\/rencontre-du-3-octobre\/\" class=\"_self pt-cv-readmore btn btn-success\" target=\"_self\">Lire la suite...<\/a><\/div><\/div><\/div><\/div><\/div><\/div>\n<div class=\" pt-cv-pagination-wrapper\"><ul class=\"pt-cv-pagination pt-cv-ajax pagination\" data-totalpages=\"6\" data-currentpage=\"1\" data-sid=\"8dea9a86fe\" data-unid=\"\" data-isblock=\"\" data-postid=\"\"><li class=\"active\"><a href=\"#\">1<\/a><\/li>\n\t<li ><a class=\"\" href=\"http:\/\/www.arcenciel-ne.ch\/home\/wp-json\/wp\/v2\/pages\/27\/?_page=2\">2<\/a><\/li>\n\t<li ><a class=\"\" href=\"http:\/\/www.arcenciel-ne.ch\/home\/wp-json\/wp\/v2\/pages\/27\/?_page=3\">3<\/a><\/li>\n\t<li ><a href=\"#\">\u2026<\/a><\/li>\n\t<li ><a class=\"\" href=\"http:\/\/www.arcenciel-ne.ch\/home\/wp-json\/wp\/v2\/pages\/27\/?_page=6\">6<\/a><\/li>\n\t<li ><a class=\" \" href=\"http:\/\/www.arcenciel-ne.ch\/home\/wp-json\/wp\/v2\/pages\/27\/?_page=2\">&rsaquo;<\/a><\/li>\n\t<\/ul><img loading=\"lazy\" decoding=\"async\" width=\"15\" height=\"15\" class=\"pt-cv-spinner\" alt=\"Chargement\u2026\" src=\"data:image\/gif;base64,R0lGODlhDwAPALMPAMrKygwMDJOTkz09PZWVla+vr3p6euTk5M7OzuXl5TMzMwAAAJmZmWZmZszMzP\/\/\/yH\/C05FVFNDQVBFMi4wAwEAAAAh+QQFCgAPACwAAAAADwAPAAAEQvDJaZaZOIcV8iQK8VRX4iTYoAwZ4iCYoAjZ4RxejhVNoT+mRGP4cyF4Pp0N98sBGIBMEMOotl6YZ3S61Bmbkm4mAgAh+QQFCgAPACwAAAAADQANAAAENPDJSRSZeA418itN8QiK8BiLITVsFiyBBIoYqnoewAD4xPw9iY4XLGYSjkQR4UAUD45DLwIAIfkEBQoADwAsAAAAAA8ACQAABC\/wyVlamTi3nSdgwFNdhEJgTJoNyoB9ISYoQmdjiZPcj7EYCAeCF1gEDo4Dz2eIAAAh+QQFCgAPACwCAAAADQANAAAEM\/DJBxiYeLKdX3IJZT1FU0iIg2RNKx3OkZVnZ98ToRD4MyiDnkAh6BkNC0MvsAj0kMpHBAAh+QQFCgAPACwGAAAACQAPAAAEMDC59KpFDll73HkAA2wVY5KgiK5b0RRoI6MuzG6EQqCDMlSGheEhUAgqgUUAFRySIgAh+QQFCgAPACwCAAIADQANAAAEM\/DJKZNLND\/kkKaHc3xk+QAMYDKsiaqmZCxGVjSFFCxB1vwy2oOgIDxuucxAMTAJFAJNBAAh+QQFCgAPACwAAAYADwAJAAAEMNAs86q1yaWwwv2Ig0jUZx3OYa4XoRAfwADXoAwfo1+CIjyFRuEho60aSNYlOPxEAAAh+QQFCgAPACwAAAIADQANAAAENPA9s4y8+IUVcqaWJ4qEQozSoAzoIyhCK2NFU2SJk0hNnyEOhKR2AzAAj4Pj4GE4W0bkJQIAOw==\" \/><div class=\"clear pt-cv-clear-pagination\"><\/div><\/div><\/div>\n<p>[\/et_pb_text][\/et_pb_column][et_pb_column type=\u00a0\u00bb1_3&Prime; _builder_version=\u00a0\u00bb4.16&Prime; custom_padding=\u00a0\u00bb|||\u00a0\u00bb global_colors_info=\u00a0\u00bb{}\u00a0\u00bb custom_padding__hover=\u00a0\u00bb|||\u00a0\u00bb][et_pb_sidebar area=\u00a0\u00bbsidebar-1&Prime; show_border=\u00a0\u00bboff\u00a0\u00bb admin_label=\u00a0\u00bbBarre lat\u00e9rale Widget\u00a0\u00bb _builder_version=\u00a0\u00bb4.16&Prime; remove_border=\u00a0\u00bbon\u00a0\u00bb global_colors_info=\u00a0\u00bb{}\u00a0\u00bb][\/et_pb_sidebar][\/et_pb_column][\/et_pb_row][\/et_pb_section]<\/p>\n","protected":false},"excerpt":{"rendered":"<p>\u00c9v\u00e9nements &amp; Actualit\u00e9s &nbsp;2025 Retrouvez l&rsquo;agenda des \u00e9v\u00e8nements sur nos groupes whatsapp ou par e-mail. Si vous souhaitez \u00eatre ajout\u00e9\u00b7e\u00b7x\u00b7s aux groupes whatsapp et\/ou \u00e0 la mailing-list, \u00e9crivez-nous un e-mail \u00e0 l&rsquo;adresse de l&rsquo;association :\u00a0aec-ne@ik.me Jean-Michel Dunand au Temple du Bas le 22 janvier &nbsp; Accueillir les diffe\u0301rences, une chance ! Venez \u00e9couter Jean-Michel Dunand [&hellip;]<\/p>\n","protected":false},"author":1,"featured_media":0,"parent":0,"menu_order":20,"comment_status":"closed","ping_status":"closed","template":"","meta":{"_et_pb_use_builder":"on","_et_pb_old_content":"<h2>\u00c9v\u00e9nements & Actualit\u00e9s<\/h2><p>\u00a0<\/p><p>\u00a0<\/p><p>[pt_view id=\"8dea9a86fe\"]<\/p>","_et_gb_content_width":"","footnotes":""},"class_list":["post-27","page","type-page","status-publish","hentry"],"_links":{"self":[{"href":"http:\/\/www.arcenciel-ne.ch\/home\/wp-json\/wp\/v2\/pages\/27","targetHints":{"allow":["GET"]}}],"collection":[{"href":"http:\/\/www.arcenciel-ne.ch\/home\/wp-json\/wp\/v2\/pages"}],"about":[{"href":"http:\/\/www.arcenciel-ne.ch\/home\/wp-json\/wp\/v2\/types\/page"}],"author":[{"embeddable":true,"href":"http:\/\/www.arcenciel-ne.ch\/home\/wp-json\/wp\/v2\/users\/1"}],"replies":[{"embeddable":true,"href":"http:\/\/www.arcenciel-ne.ch\/home\/wp-json\/wp\/v2\/comments?post=27"}],"version-history":[{"count":16,"href":"http:\/\/www.arcenciel-ne.ch\/home\/wp-json\/wp\/v2\/pages\/27\/revisions"}],"predecessor-version":[{"id":811,"href":"http:\/\/www.arcenciel-ne.ch\/home\/wp-json\/wp\/v2\/pages\/27\/revisions\/811"}],"wp:attachment":[{"href":"http:\/\/www.arcenciel-ne.ch\/home\/wp-json\/wp\/v2\/media?parent=27"}],"curies":[{"name":"wp","href":"https:\/\/api.w.org\/{rel}","templated":true}]}}