{"id":37,"date":"2017-08-18T00:50:23","date_gmt":"2017-08-17T22:50:23","guid":{"rendered":"http:\/\/www.arcenciel-ne.ch\/home\/?page_id=37"},"modified":"2018-09-12T10:47:19","modified_gmt":"2018-09-12T08:47:19","slug":"nous-soutenir","status":"publish","type":"page","link":"http:\/\/www.arcenciel-ne.ch\/home\/nous-soutenir\/","title":{"rendered":"Nous soutenir"},"content":{"rendered":"<p>[et_pb_section bb_built=\u00a0\u00bb1&Prime;][et_pb_row][et_pb_column type=\u00a0\u00bb2_3&Prime;][et_pb_text _builder_version=\u00a0\u00bb3.0.69&Prime; background_layout=\u00a0\u00bblight\u00a0\u00bb text_orientation=\u00a0\u00bbleft\u00a0\u00bb border_style=\u00a0\u00bbsolid\u00a0\u00bb]<\/p>\n<h2>Nous soutenir<\/h2>\n<p>&nbsp;<\/p>\n<p>L&rsquo;association Arc-en-ciel est ouverte \u00e0 toute personne, quelque soit sa confession, son \u00e2ge, son orientation sexuelle ou son identit\u00e9 de genre.<\/p>\n<p>Afin de rendre possible l\u2019organisation des c\u00e9l\u00e9brations, des conf\u00e9rences et des t\u00e9moignages publics dans le canton de Neuch\u00e2tel, elle finance ses activit\u00e9s gr\u00e2ce aux cotisations de ses membres, aux dons et aux collectes.<\/p>\n<p>Vous pouvez nous soutenir :<\/p>\n<ul>\n<li><a href=\"\/home\/devenir-membre\/\">En devenant membre<\/a>\u00a0;<\/li>\n<li>En faisant un don sur le compte postal de l&rsquo;association CCP 14-427820-3 ou en utilisant le lien Paypal pr\u00e9sent sur cette page qui vous permet de payer par carte de cr\u00e9dit (visa, mastercard, etc.) ;<\/li>\n<li>En participant \u00e0 nos \u00e9v\u00e9nements.<\/li>\n<\/ul>\n<p>Vous pouvez aussi nous soutenir en nous aidant dans l&rsquo;organisation de nos \u00e9v\u00e9nements. Pour cela, nous vous remercions de bien vouloir <a href=\"http:\/\/www.arcenciel-ne.ch\/home\/contact\/\">nous contacter<\/a>.<\/p>\n<p>[\/et_pb_text][\/et_pb_column][et_pb_column type=\u00a0\u00bb1_3&Prime;][et_pb_text admin_label=\u00a0\u00bbTexte Dons\u00a0\u00bb _builder_version=\u00a0\u00bb3.0.69&Prime; background_layout=\u00a0\u00bblight\u00a0\u00bb text_orientation=\u00a0\u00bbleft\u00a0\u00bb border_style=\u00a0\u00bbsolid\u00a0\u00bb saved_tabs=\u00a0\u00bball\u00a0\u00bb]<\/p>\n<h4>Pour vos dons<\/h4>\n<p>&nbsp;<\/p>\n<h5>Compte postal de l&rsquo;association<\/h5>\n<p>CCP : \u00a0 \u00a014-427820-3<\/p>\n<p>&nbsp;<\/p>\n<h5>IBAN<\/h5>\n<p>CH45 0900 0000 1442 7820 3<\/p>\n<p>&nbsp;<\/p>\n<h5>Paypal<\/h5>\n<div align=\"left\">\n<!-- Begin PayPal Donations by https:\/\/www.tipsandtricks-hq.com\/paypal-donations-widgets-plugin -->\n\n<form action=\"https:\/\/www.paypal.com\/cgi-bin\/webscr\" method=\"post\" target=\"_blank\">\n    <div class=\"paypal-donations\">\n        <input type=\"hidden\" name=\"cmd\" value=\"_donations\" \/>\n        <input type=\"hidden\" name=\"bn\" value=\"TipsandTricks_SP\" \/>\n        <input type=\"hidden\" name=\"business\" value=\"arcenciel@mail.ch\" \/>\n        <input type=\"hidden\" name=\"item_name\" value=\"Dons\" \/>\n        <input type=\"hidden\" name=\"rm\" value=\"0\" \/>\n        <input type=\"hidden\" name=\"currency_code\" value=\"CHF\" \/>\n        <input type=\"image\" style=\"cursor: pointer;\" src=\"https:\/\/www.paypalobjects.com\/webstatic\/en_US\/i\/btn\/png\/silver-rect-paypal-34px.png\" name=\"submit\" alt=\"PayPal - The safer, easier way to pay online.\" \/>\n        <img loading=\"lazy\" decoding=\"async\" alt=\"\" src=\"https:\/\/www.paypalobjects.com\/en_US\/i\/scr\/pixel.gif\" width=\"1\" height=\"1\" \/>\n    <\/div>\n<\/form>\n<!-- End PayPal Donations -->\n\n<\/div>\n<p>[\/et_pb_text][\/et_pb_column][\/et_pb_row][\/et_pb_section]<\/p>\n","protected":false},"excerpt":{"rendered":"<p><div class=\"et_pb_row et_pb_row_0 et_pb_row_empty\">\n\t\t\t\t\n\t\t\t\t\n\t\t\t\t\n\t\t\t\t\n\t\t\t\t\n\t\t\t<\/div> Nous soutenir &nbsp; L&rsquo;association Arc-en-ciel est ouverte \u00e0 toute personne, quelque soit sa confession, son \u00e2ge, son orientation sexuelle ou son identit\u00e9 de genre. Afin de rendre possible l\u2019organisation des c\u00e9l\u00e9brations, des conf\u00e9rences et des t\u00e9moignages publics dans le canton de Neuch\u00e2tel, elle finance ses activit\u00e9s gr\u00e2ce aux cotisations de ses membres, aux dons [&hellip;]<\/p>\n","protected":false},"author":1,"featured_media":0,"parent":0,"menu_order":50,"comment_status":"closed","ping_status":"closed","template":"","meta":{"_et_pb_use_builder":"on","_et_pb_old_content":"<p><a href=\"\/home\/devenir-membre\/\">Devenir membre<\/a><\/p><p>Faire un don et rendre possible l\u2019organisation des c\u00e9l\u00e9brations, des conf\u00e9rences et des t\u00e9moignages publics dans le canton de Neuch\u00e2tel.<\/p>","_et_gb_content_width":"","footnotes":""},"class_list":["post-37","page","type-page","status-publish","hentry"],"_links":{"self":[{"href":"http:\/\/www.arcenciel-ne.ch\/home\/wp-json\/wp\/v2\/pages\/37","targetHints":{"allow":["GET"]}}],"collection":[{"href":"http:\/\/www.arcenciel-ne.ch\/home\/wp-json\/wp\/v2\/pages"}],"about":[{"href":"http:\/\/www.arcenciel-ne.ch\/home\/wp-json\/wp\/v2\/types\/page"}],"author":[{"embeddable":true,"href":"http:\/\/www.arcenciel-ne.ch\/home\/wp-json\/wp\/v2\/users\/1"}],"replies":[{"embeddable":true,"href":"http:\/\/www.arcenciel-ne.ch\/home\/wp-json\/wp\/v2\/comments?post=37"}],"version-history":[{"count":19,"href":"http:\/\/www.arcenciel-ne.ch\/home\/wp-json\/wp\/v2\/pages\/37\/revisions"}],"predecessor-version":[{"id":307,"href":"http:\/\/www.arcenciel-ne.ch\/home\/wp-json\/wp\/v2\/pages\/37\/revisions\/307"}],"wp:attachment":[{"href":"http:\/\/www.arcenciel-ne.ch\/home\/wp-json\/wp\/v2\/media?parent=37"}],"curies":[{"name":"wp","href":"https:\/\/api.w.org\/{rel}","templated":true}]}}